{"id":2120,"date":"2020-06-04T04:38:19","date_gmt":"2020-06-04T04:38:19","guid":{"rendered":"https:\/\/sublinemusic.de\/?page_id=2120"},"modified":"2020-06-04T04:38:20","modified_gmt":"2020-06-04T04:38:20","slug":"datenschutzerklaerung-2","status":"publish","type":"page","link":"https:\/\/sublinemusic.de\/index.php\/datenschutzerklaerung-2\/","title":{"rendered":"Datenschutzerklaerung"},"content":{"rendered":"\n<h1 class=\"wp-block-heading\">Datenschutzerkl\u00e4rung<\/h1>\n\n\n\n<h2 class=\"wp-block-heading\">WooCommerce Datenschutzerkl\u00e4rung<\/h2>\n\n\n\n<p>Wir haben auf unserer Website das Open-Source Shopsystem WooCommerce als Plugin eingebunden. Dieses WooCommerce-Plugin basiert auf dem Content-Management-System WordPress, das ein Tochterunternehmen der Firma Automattic Inc. (60 29th Street #343, San Francisco, CA 94110, USA) ist. Durch die implementierten Funktionen werden Daten an Automattic Inc. versandt, gespeichert und verarbeitet. In dieser Datenschutzerkl\u00e4rung informieren wir Sie, um welche Daten es sich handelt, wie das Netzwerk diese Daten verwendet und wie Sie die Datenspeicherung verwalten bzw. unterbinden k\u00f6nnen.<\/p>\n\n\n\n<h3 class=\"wp-block-heading\">Was ist WooCommerce?<\/h3>\n\n\n\n<p>WooCommerce ist ein Onlineshop-System, das seit 2011 Teil des Verzeichnisses von WordPress ist und speziell f\u00fcr WordPress-Websites entwickelt wurde. Es ist eine anpassbare, quelloffene eCommerce-Plattform, die auf WordPress basiert und auch als WordPress-Plugin in unsere Website eingebunden wurde.<\/p>\n\n\n\n<h3 class=\"wp-block-heading\">Warum verwenden wir WooCommerce auf unserer Webseite?<\/h3>\n\n\n\n<p>Wir nutzen diese praktische Onlineshop-L\u00f6sung, um Ihnen unserer physischen oder digitalen Produkte oder Dienstleistungen bestm\u00f6glich auf unserer Website anbieten zu k\u00f6nnen. Ziel ist es, Ihnen einen einfachen und leichten Zugang zu unserem Angebot zu erm\u00f6glichen, damit Sie unkompliziert und schnell zu Ihren gew\u00fcnschten Produkten kommen. Mit WooCommerce haben wir hier ein gutes Plugin gefunden, das unseren Anspr\u00fcchen an einen Onlineshop erf\u00fcllt.<\/p>\n\n\n\n<h3 class=\"wp-block-heading\">Welche Daten werden von WooCommerce gespeichert?<\/h3>\n\n\n\n<p>Informationen, die Sie aktiv in ein Textfeld in unserem Onlineshop eingeben, k\u00f6nnen von WooCommerce bzw. von Automattic gesammelt und gespeichert werden. Also wenn Sie sich bei uns anmelden bzw. ein Produkt bestellen, kann Automattic diese Daten sammeln, verarbeiten und speichern. Dabei kann es sich neben E-Mail-Adresse, Namen oder Adresse auch um Kreditkarten- oder Rechnungsinformationen handeln. Automattic kann diese Informationen in weiterer Folge auch f\u00fcr eigene Marketing-Kampagnen n\u00fctzen.<\/p>\n\n\n\n<p>Zudem gibt es auch noch Informationen, die Automattic automatisch in sogenannten Serverlogfiles von Ihnen sammelt:<\/p>\n\n\n\n<ul class=\"wp-block-list\"><li>IP-Adresse<\/li><li>Browserinformationen<\/li><li>Voreingestellte Spracheinstellung<\/li><li>Datum und Uhrzeit des Webzugriffs<\/li><\/ul>\n\n\n\n<p>WooCommerce setzt in Ihrem Browser auch Cookies und verwendet Technologien wie Pixel-Tags (Web Beacons), um beispielsweise Sie als User klar zu identifizieren und m\u00f6glicherweise interessensbezogene Werbung anbieten zu k\u00f6nnen. WooCommerce verwendet eine Reihe verschiedener Cookies, die je nach Useraktion gesetzt werden. Das hei\u00dft, wenn Sie zum Beispiel ein Produkt in den Warenkorb legen wird ein Cookie gesetzt, damit das Produkt auch im Warenkorb bleibt, wenn Sie unsere Website verlassen und zu einem sp\u00e4teren Zeitpunkt wiederkommen.<\/p>\n\n\n\n<p>Hier zeigen wir Ihnen eine beispielhafte Liste m\u00f6glicher Cookies, die von WooCommerce gesetzt werden k\u00f6nnen:<\/p>\n\n\n\n<p><strong>Name:<\/strong>&nbsp;woocommerce_items_in_cart<br><strong>Wert:<\/strong>&nbsp;1<br><strong>Verwendungszweck:<\/strong>&nbsp;Das Cookie hilft WooCommerce festzustellen, wann sich der Inhalt im Warenkorb ver\u00e4ndert.<br><strong>Ablaufdatum:<\/strong>&nbsp;nach Sitzungsende<\/p>\n\n\n\n<p><strong>Name:<\/strong>&nbsp;woocommerce_cart_hash<br><strong>Wert:<\/strong>&nbsp;447c84f810834056ab37cfe5ed27f204311182759-7<br><strong>Verwendungszweck:<\/strong>&nbsp;Auch dieses Cookie wird daf\u00fcr eingesetzt, um die Ver\u00e4nderungen in Ihrem Warenkorb zu erkennen und zu speichern.<br><strong>Ablaufdatum:<\/strong>&nbsp;nach Sitzungsende<\/p>\n\n\n\n<p><strong>Name:<\/strong>&nbsp;wp_woocommerce_session_d9e29d251cf8a108a6482d9fe2ef34b6<br><strong>Wert:<\/strong>&nbsp;1146%7C%7C1589034207%7C%7C95f8053ce0cea135bbce671043e740311182759-4aa<br><strong>Verwendungszweck:<\/strong>&nbsp;Dieses Cookie enth\u00e4lt eine eindeutige Kennung f\u00fcr Sie, damit die Warenkorbdaten in der Datenbank auch gefunden werden k\u00f6nnen.<br><strong>Ablaufdatum:<\/strong>&nbsp;nach 2 Tagen<\/p>\n\n\n\n<h3 class=\"wp-block-heading\">Wie lange und wo werden die Daten gespeichert?<\/h3>\n\n\n\n<p>Sofern es keine gesetzliche Verpflichtung gibt, Daten f\u00fcr einen l\u00e4ngeren Zeitraum aufzubewahren, l\u00f6scht WooCommerce die Daten dann, wenn Sie f\u00fcr die eigenen Zwecke, f\u00fcr die Sie gespeichert wurden, nicht mehr ben\u00f6tigt werden. So werden zum Beispiel Serverlogfiles, die technische Daten zu Ihrem Browser und Ihrer IP-Adresse erhalten etwa nach 30 Tagen wieder gel\u00f6scht. Solange verwendet Automattic die Daten, um den Verkehr auf den eigenen Websites (zum Beispiel alle WordPress-Seiten) zu analysieren und m\u00f6gliche Probleme zu beheben. Die Daten werden auf amerikanischen Servern von Automattic gespeichert.<\/p>\n\n\n\n<h3 class=\"wp-block-heading\">Wie kann ich meine Daten l\u00f6schen bzw. die Datenspeicherung verhindern?<\/h3>\n\n\n\n<p>Sie haben jederzeit das Recht auf Ihre personenbezogenen Daten zuzugreifen und Einspruch gegen die Nutzung und Verarbeitung dieser zu erheben. Sie k\u00f6nnen auch jederzeit bei einer staatlichen Aufsichtsbeh\u00f6rde eine Beschwerde einreichen.<\/p>\n\n\n\n<p>In Ihrem Browser haben Sie auch die M\u00f6glichkeit, Cookies individuell zu verwalten, zu l\u00f6schen oder zu deaktivieren. Nehmen Sie aber bitte zur Kenntnis, dass deaktivierte oder gel\u00f6schte Cookies m\u00f6gliche negative Auswirkungen auf die Funktionen unseres WooCommerce-Onlineshops haben. Je nachdem, welchen Browser Sie verwenden, funktioniert das Verwalten der Cookies etwas anders. Im Folgenden sehen Sie Links zu den Anleitungen der g\u00e4ngigsten Browser:<\/p>\n\n\n\n<p><a href=\"https:\/\/support.google.com\/chrome\/answer\/95647?tid=311182759\" target=\"_blank\" rel=\"noreferrer noopener\">Chrome: Cookies in Chrome l\u00f6schen, aktivieren und verwalten<\/a><\/p>\n\n\n\n<p><a href=\"https:\/\/support.apple.com\/de-at\/guide\/safari\/sfri11471\/mac?tid=311182759\" target=\"_blank\" rel=\"noreferrer noopener\">Safari: Verwalten von Cookies und Websitedaten mit Safari<\/a><\/p>\n\n\n\n<p><a href=\"https:\/\/support.mozilla.org\/de\/kb\/cookies-und-website-daten-in-firefox-loschen?tid=311182759\" target=\"_blank\" rel=\"noreferrer noopener\">Firefox: Cookies l\u00f6schen, um Daten zu entfernen, die Websites auf Ihrem Computer abgelegt haben<\/a><\/p>\n\n\n\n<p><a href=\"https:\/\/support.microsoft.com\/de-at\/help\/17442\/windows-internet-explorer-delete-manage-cookies?tid=311182759\" target=\"_blank\" rel=\"noreferrer noopener\">Internet Explorer: L\u00f6schen und Verwalten von Cookies<\/a><\/p>\n\n\n\n<p><a href=\"https:\/\/support.microsoft.com\/de-at\/help\/4027947\/windows-delete-cookies?tid=311182759\" target=\"_blank\" rel=\"noreferrer noopener\">Microsoft Edge: L\u00f6schen und Verwalten von Cookies<\/a><\/p>\n\n\n\n<p>Automattic ist aktiver Teilnehmer beim EU-U.S. Privacy Shield Framework, wodurch der korrekte und sichere Datentransfer pers\u00f6nlicher Daten geregelt wird. Mehr Informationen dazu finden Sie auf&nbsp;<a href=\"https:\/\/www.privacyshield.gov\/participant?id=a2zt0000000CbqcAAC\" target=\"_blank\" rel=\"noreferrer noopener\">https:\/\/www.privacyshield.gov\/participant?id=a2zt0000000CbqcAAC<\/a>.<br>Mehr Details zur Datenschutzrichtlinie und welche Daten auf welche Art durch WooCommerce erfasst werden, finden Sie auf&nbsp;<a href=\"https:\/\/automattic.com\/privacy\/?tid=311182759\" target=\"_blank\" rel=\"noreferrer noopener\">https:\/\/automattic.com\/privacy\/&nbsp;<\/a>und allgemeine Informationen zu WooCommerce auf&nbsp;<a href=\"https:\/\/woocommerce.com\/?tid=311182759\" target=\"_blank\" rel=\"noreferrer noopener\">https:\/\/woocommerce.com\/<\/a>.<\/p>\n\n\n\n<h2 class=\"wp-block-heading\">Datenschutz<\/h2>\n\n\n\n<p>Wir haben diese Datenschutzerkl\u00e4rung (Fassung 04.06.2020-311182759) verfasst, um Ihnen gem\u00e4\u00df der Vorgaben der&nbsp;<a href=\"https:\/\/eur-lex.europa.eu\/legal-content\/DE\/ALL\/?uri=celex%3A32016R0679&amp;tid=311182759\" target=\"_blank\" rel=\"noreferrer noopener\">Datenschutz-Grundverordnung (EU) 2016\/679<\/a>&nbsp;zu erkl\u00e4ren, welche Informationen wir sammeln, wie wir Daten verwenden und welche Entscheidungsm\u00f6glichkeiten Sie als Besucher dieser Webseite haben.<\/p>\n\n\n\n<p>Leider liegt es in der Natur der Sache, dass diese Erkl\u00e4rungen sehr technisch klingen, wir haben uns bei der Erstellung jedoch bem\u00fcht die wichtigsten Dinge so einfach und klar wie m\u00f6glich zu beschreiben.<\/p>\n\n\n\n<h2 class=\"wp-block-heading\">AdSimple Cookie Manager Datenschutzerkl\u00e4rung<\/h2>\n\n\n\n<p>Wir verwenden auf unserer Website den AdSimple Cookie Manager des Softwareentwicklungs- und Online-Marketing Unternehmens AdSimple GmbH, Fabriksgasse 20, 2230 G\u00e4nserndorf. Der AdSimple Cookie Manager bietet uns unter anderem die M\u00f6glichkeit, Ihnen einen umfangreichen und datenschutzkonformen Cookie-Hinweis zu liefern, damit Sie selbst entscheiden k\u00f6nnen, welche Cookies Sie zulassen und welche nicht. Durch die Verwendung dieser Software werden Daten von Ihnen an AdSimple gesendet und gespeichert. In dieser Datenschutzerkl\u00e4rung informieren wir Sie, warum wir den AdSimple Cookie Manager verwenden, welche Daten \u00fcbertragen und gespeichert werden und wie Sie diese Daten\u00fcbertragung verhindern k\u00f6nnen.<\/p>\n\n\n\n<h3 class=\"wp-block-heading\">Was ist der AdSimple Cookie Manager?<\/h3>\n\n\n\n<p>Der AdSimple Cookie Manager ist eine Software, die unsere Website scannt und alle vorhandenen Cookies identifiziert und kategorisiert. Zudem werden Sie als Websitebesucher \u00fcber ein Cookie Hinweis Script \u00fcber die Verwendung von Cookies informiert und entscheiden selbst welche Cookies Sie zulassen und welche nicht.<\/p>\n\n\n\n<h3 class=\"wp-block-heading\">Warum verwenden wir den AdSimple Cookie Manager auf unserer Website?<\/h3>\n\n\n\n<p>Wir wollen Ihnen maximale Transparenz im Bereich Datenschutz bieten. Um das zu gew\u00e4hrleisten, m\u00fcssen wir zuerst genau wissen, welche Cookies im Laufe der Zeit auf unserer Website gelandet sind. Dadurch, dass der Cookie Manager von AdSimple regelm\u00e4\u00dfig unsere Website scannt und alle Cookies ausfindig macht, haben wir die volle Kontrolle \u00fcber diese Cookies und k\u00f6nnen so DSGVO-konform handeln. Wir k\u00f6nnen Sie dadurch \u00fcber die Nutzung der Cookies auf unserer Website genau informieren. Weiters bekommen Sie stets einen aktuellen und datenschutzkonformen Cookie-Hinweis und entscheiden per Checkbox-System selbst, welche Cookies Sie akzeptieren bzw. blockieren.<\/p>\n\n\n\n<h3 class=\"wp-block-heading\">Welche Daten werden von dem AdSimple Cookie Manager gespeichert?<\/h3>\n\n\n\n<p>Wenn Sie Cookies auf unserer Website zustimmen, wird folgendes Cookie von dem AdSimple Cookie Manager gesetzt:<\/p>\n\n\n\n<p><strong>Name:<\/strong>&nbsp;acm_status<br><strong>Wert:<\/strong>&nbsp;\u201c:true,\u201dstatistik\u201d:true,\u201dmarketing\u201d:true,\u201dsocialmedia\u201d:true,\u201deinstellungen\u201d:true}<br><strong>Verwendungszweck:<\/strong>&nbsp;In diesem Cookie wird Ihr Zustimmungsstatus, gespeichert. Dadurch kann unsere Website auch bei zuk\u00fcnftigen Besuchen den aktuellen Status lesen und befolgen.<br><strong>Ablaufdatum:<\/strong>&nbsp;nach einem Jahr<\/p>\n\n\n\n<h3 class=\"wp-block-heading\">Wie lange und wo werden die Daten gespeichert?<\/h3>\n\n\n\n<p>Alle Daten, die durch den AdSimple Cookie Manager erhoben werden, werden ausschlie\u00dflich innerhalb der Europ\u00e4ischen Union \u00fcbertragen und gespeichert. Die erhobenen Daten werden auf den Servern von AdSimple bei der Hetzner GmbH in Deutschland gespeichert. Zugriff auf diese Daten hat ausschlie\u00dflich die AdSimple GmbH und die Hetzner GmbH.<\/p>\n\n\n\n<h3 class=\"wp-block-heading\">Wie kann ich meine Daten l\u00f6schen bzw. die Datenspeicherung verhindern?<\/h3>\n\n\n\n<p>Sie haben jederzeit das Recht auf Ihre personenbezogenen Daten zuzugreifen und sie auch zu l\u00f6schen. Die Datenerfassung und Speicherung k\u00f6nnen Sie beispielsweise verhindern, indem Sie \u00fcber das Cookie-Hinweis-Script die Verwendung von Cookies ablehnen. Eine weitere M\u00f6glichkeit die Datenverarbeitung zu unterbinden bzw. nach Ihren W\u00fcnschen zu verwalten, bietet Ihr Browser. Je nach Browser funktioniert die Cookie-Verwaltung etwas anders. Hier finden Sie die Anleitungen zu den momentan bekanntesten Browsern:<\/p>\n\n\n\n<p><a href=\"https:\/\/support.google.com\/chrome\/answer\/95647?tid=311182759\" target=\"_blank\" rel=\"noreferrer noopener\">Chrome: Cookies in Chrome l\u00f6schen, aktivieren und verwalten<\/a><\/p>\n\n\n\n<p><a href=\"https:\/\/support.apple.com\/de-at\/guide\/safari\/sfri11471\/mac?tid=311182759\" target=\"_blank\" rel=\"noreferrer noopener\">Safari: Verwalten von Cookies und Websitedaten mit Safari<\/a><\/p>\n\n\n\n<p><a href=\"https:\/\/support.mozilla.org\/de\/kb\/cookies-und-website-daten-in-firefox-loschen?tid=311182759\" target=\"_blank\" rel=\"noreferrer noopener\">Firefox: Cookies l\u00f6schen, um Daten zu entfernen, die Websites auf Ihrem Computer abgelegt haben<\/a><\/p>\n\n\n\n<p><a href=\"https:\/\/support.microsoft.com\/de-at\/help\/17442\/windows-internet-explorer-delete-manage-cookies?tid=311182759\" target=\"_blank\" rel=\"noreferrer noopener\">Internet Explorer: L\u00f6schen und Verwalten von Cookies<\/a><\/p>\n\n\n\n<p><a href=\"https:\/\/support.microsoft.com\/de-at\/help\/4027947\/windows-delete-cookies?tid=311182759\" target=\"_blank\" rel=\"noreferrer noopener\">Microsoft Edge: L\u00f6schen und Verwalten von Cookies<\/a><\/p>\n\n\n\n<p>Wir hoffen, wir haben Ihnen einen guten \u00dcberblick \u00fcber den Datenverkehr und die Datenverarbeitung durch den AdSimple Cookie Manager geliefert. Wenn Sie mehr \u00fcber dieses Tool erfahren wollen, empfehlen wir Ihnen die Beschreibungsseite auf&nbsp;<a href=\"https:\/\/www.adsimple.at\/adsimple-cookie-manager\/?tid=311182759\" target=\"_blank\" rel=\"noreferrer noopener\">https:\/\/www.adsimple.at\/adsimple-cookie-manager\/.<\/a><\/p>\n\n\n\n<h2 class=\"wp-block-heading\">Automatische Datenspeicherung<\/h2>\n\n\n\n<p>Wenn Sie heutzutage Webseiten besuchen, werden gewisse Informationen automatisch erstellt und gespeichert, so auch auf dieser Webseite.<\/p>\n\n\n\n<p>Wenn Sie unsere Webseite so wie jetzt gerade besuchen, speichert unser Webserver (Computer auf dem diese Webseite gespeichert ist) automatisch Daten wie<\/p>\n\n\n\n<ul class=\"wp-block-list\"><li>die Adresse (URL) der aufgerufenen Webseite<\/li><li>Browser und Browserversion<\/li><li>das verwendete Betriebssystem<\/li><li>die Adresse (URL) der zuvor besuchten Seite (Referrer URL)<\/li><li>den Hostname und die IP-Adresse des Ger\u00e4ts von welchem aus zugegriffen wird<\/li><li>Datum und Uhrzeit<\/li><\/ul>\n\n\n\n<p>in Dateien (Webserver-Logfiles).<\/p>\n\n\n\n<p>In der Regel werden Webserver-Logfiles zwei Wochen gespeichert und danach automatisch gel\u00f6scht. Wir geben diese Daten nicht weiter, k\u00f6nnen jedoch nicht ausschlie\u00dfen, dass diese Daten beim Vorliegen von rechtswidrigem Verhalten eingesehen werden.<\/p>\n\n\n\n<h2 class=\"wp-block-heading\">Speicherung pers\u00f6nlicher Daten<\/h2>\n\n\n\n<p>Pers\u00f6nliche Daten, die Sie uns auf dieser Website elektronisch \u00fcbermitteln, wie zum Beispiel Name, E-Mail-Adresse, Adresse oder andere pers\u00f6nlichen Angaben im Rahmen der \u00dcbermittlung eines Formulars oder Kommentaren im Blog, werden von uns gemeinsam mit dem Zeitpunkt und der IP-Adresse nur zum jeweils angegebenen Zweck verwendet, sicher verwahrt und nicht an Dritte weitergegeben.<\/p>\n\n\n\n<p>Wir nutzen Ihre pers\u00f6nlichen Daten somit nur f\u00fcr die Kommunikation mit jenen Besuchern, die Kontakt ausdr\u00fccklich w\u00fcnschen und f\u00fcr die Abwicklung der auf dieser Webseite angebotenen Dienstleistungen und Produkte. Wir geben Ihre pers\u00f6nlichen Daten ohne Zustimmung nicht weiter, k\u00f6nnen jedoch nicht ausschlie\u00dfen, dass diese Daten beim Vorliegen von rechtswidrigem Verhalten eingesehen werden.<\/p>\n\n\n\n<p>Wenn Sie uns pers\u00f6nliche Daten per E-Mail schicken \u2013 somit abseits dieser Webseite \u2013 k\u00f6nnen wir keine sichere \u00dcbertragung und den Schutz Ihrer Daten garantieren. Wir empfehlen Ihnen, vertrauliche Daten niemals unverschl\u00fcsselt per E-Mail zu \u00fcbermitteln.<\/p>\n\n\n\n<p>Die Rechtsgrundlage besteht nach&nbsp;<a href=\"https:\/\/eur-lex.europa.eu\/legal-content\/DE\/TXT\/HTML\/?uri=CELEX:32016R0679&amp;from=DE&amp;tid=311182759\" target=\"_blank\" rel=\"noreferrer noopener\">Artikel 6&nbsp; Absatz 1 a DSGVO<\/a>&nbsp;(Rechtm\u00e4\u00dfigkeit der Verarbeitung) darin, dass Sie uns die Einwilligung zur Verarbeitung der von Ihnen eingegebenen Daten geben. Sie k\u00f6nnen diesen Einwilligung jederzeit widerrufen \u2013 eine formlose E-Mail reicht aus, Sie finden unsere Kontaktdaten im Impressum.<\/p>\n\n\n\n<h2 class=\"wp-block-heading\">Rechte laut Datenschutzgrundverordnung<\/h2>\n\n\n\n<p>Ihnen stehen laut den Bestimmungen der DSGVO grunds\u00e4tzlich die folgende Rechte zu:<\/p>\n\n\n\n<ul class=\"wp-block-list\"><li>Recht auf Berichtigung (Artikel 16 DSGVO)<\/li><li>Recht auf L\u00f6schung (\u201eRecht auf Vergessenwerden\u201c) (Artikel 17 DSGVO)<\/li><li>Recht auf Einschr\u00e4nkung der Verarbeitung (Artikel 18 DSGVO)<\/li><li>Recht auf Benachrichtigung \u2013 Mitteilungspflicht im Zusammenhang mit der Berichtigung oder L\u00f6schung personenbezogener Daten oder der Einschr\u00e4nkung der Verarbeitung (Artikel 19 DSGVO)<\/li><li>Recht auf Daten\u00fcbertragbarkeit (Artikel 20 DSGVO)<\/li><li>Widerspruchsrecht (Artikel 21 DSGVO)<\/li><li>Recht, nicht einer ausschlie\u00dflich auf einer automatisierten Verarbeitung \u2014 einschlie\u00dflich Profiling \u2014 beruhenden Entscheidung unterworfen zu werden (Artikel 22 DSGVO)<\/li><\/ul>\n\n\n\n<p>Wenn Sie glauben, dass die Verarbeitung Ihrer Daten gegen das Datenschutzrecht verst\u00f6\u00dft oder Ihre datenschutzrechtlichen Anspr\u00fcche sonst in einer Weise verletzt worden sind, k\u00f6nnen Sie sich an die&nbsp;<a href=\"https:\/\/www.bfdi.bund.de\/\" target=\"_blank\" rel=\"noreferrer noopener\">Bundesbeauftragte f\u00fcr den Datenschutz und die Informationsfreiheit (BfDI)<\/a>&nbsp;wenden.<\/p>\n\n\n\n<h2 class=\"wp-block-heading\">TLS-Verschl\u00fcsselung mit https<\/h2>\n\n\n\n<p>Wir verwenden https um Daten abh\u00f6rsicher im Internet zu \u00fcbertragen (Datenschutz durch Technikgestaltung&nbsp;<a href=\"https:\/\/eur-lex.europa.eu\/legal-content\/DE\/TXT\/HTML\/?uri=CELEX:32016R0679&amp;from=DE&amp;tid=311182759\" target=\"_blank\" rel=\"noreferrer noopener\">Artikel 25 Absatz 1 DSGVO<\/a>). Durch den Einsatz von TLS (Transport Layer Security), einem Verschl\u00fcsselungsprotokoll zur sicheren Daten\u00fcbertragung im Internet k\u00f6nnen wir den Schutz vertraulicher Daten sicherstellen. Sie erkennen die Benutzung dieser Absicherung der Daten\u00fcbertragung am kleinen Schlo\u00dfsymbol links oben im Browser und der Verwendung des Schemas https (anstatt http) als Teil unserer Internetadresse.<\/p>\n\n\n\n<h2 class=\"wp-block-heading\">Eingebettete Social Media Elemente Datenschutzerkl\u00e4rung<\/h2>\n\n\n\n<p>Wir binden auf unserer Webseite Elemente von Social Media Diensten ein um Bilder, Videos und Texte anzuzeigen.<br>Durch den Besuch von Seiten die diese Elemente darstellen, werden Daten von Ihrem Browser zum jeweiligen Social Media Dienst \u00fcbertragen und dort gespeichert. Wir haben keinen Zugriff auf diese Daten.<br>Die folgenden Links f\u00fchren Sie zu den Seiten der jeweiligen Social Media Dienste wo erkl\u00e4rt wird, wie diese mit Ihren Daten umgehen:<\/p>\n\n\n\n<ul class=\"wp-block-list\"><li>Instagram-Datenschutzrichtlinie:&nbsp;<a href=\"https:\/\/help.instagram.com\/519522125107875?tid=311182759\" target=\"_blank\" rel=\"noreferrer noopener\">https:\/\/help.instagram.com\/519522125107875<\/a><\/li><li>F\u00fcr YouTube gilt die Google Datenschutzerkl\u00e4rung:&nbsp;<a href=\"https:\/\/policies.google.com\/privacy?hl=de&amp;tid=311182759\" target=\"_blank\" rel=\"noreferrer noopener\">https:\/\/policies.google.com\/privacy?hl=de<\/a><\/li><li>Facebook-Datenrichtline:&nbsp;<a href=\"https:\/\/www.facebook.com\/about\/privacy?tid=311182759\" target=\"_blank\" rel=\"noreferrer noopener\">https:\/\/www.facebook.com\/about\/privacy<\/a><\/li><li>Twitter Datenschutzrichtlinie:&nbsp;<a href=\"https:\/\/twitter.com\/de\/privacy?tid=311182759\" target=\"_blank\" rel=\"noreferrer noopener\">https:\/\/twitter.com\/de\/privacy<\/a><\/li><\/ul>\n\n\n\n<h2 class=\"wp-block-heading\">Newsletter Datenschutzerkl\u00e4rung<\/h2>\n\n\n\n<p>Wenn Sie sich f\u00fcr unseren Newsletter eintragen \u00fcbermitteln Sie die oben genannten pers\u00f6nlichen Daten und geben uns das Recht Sie per E-Mail zu kontaktieren. Die im Rahmen der Anmeldung zum Newsletter gespeicherten Daten nutzen wir ausschlie\u00dflich f\u00fcr unseren Newsletter und geben diese nicht weiter.<\/p>\n\n\n\n<p>Sollten Sie sich vom Newsletter abmelden \u2013 Sie finden den Link daf\u00fcr in jedem Newsletter ganz unten \u2013 dann l\u00f6schen wir alle Daten die mit der Anmeldung zum Newsletter gespeichert wurden.<\/p>\n\n\n\n<p>Quelle: Erstellt&nbsp;mit dem&nbsp;<a href=\"https:\/\/www.adsimple.de\/datenschutz-generator\/\" target=\"_blank\" rel=\"noreferrer noopener\">Datenschutz Generator<\/a>&nbsp;von AdSimple&nbsp;in Kooperation mit&nbsp;<a href=\"https:\/\/www.123familie.de\/\" target=\"_blank\" rel=\"noreferrer noopener\">123familie.de<\/a><\/p>\n","protected":false},"excerpt":{"rendered":"<p>Datenschutzerkl\u00e4rung WooCommerce Datenschutzerkl\u00e4rung Wir haben auf unserer Website das Open-Source Shopsystem WooCommerce als Plugin eingebunden. Dieses WooCommerce-Plugin basiert auf dem Content-Management-System WordPress, das ein Tochterunternehmen der Firma Automattic Inc. (60 29th Street #343, San Francisco, CA 94110, USA) ist. Durch die implementierten Funktionen werden Daten an Automattic Inc. versandt, gespeichert und verarbeitet. In dieser Datenschutzerkl\u00e4rung [&hellip;]<\/p>\n","protected":false},"author":1,"featured_media":0,"parent":0,"menu_order":0,"comment_status":"closed","ping_status":"closed","template":"","meta":{"footnotes":""},"class_list":["post-2120","page","type-page","status-publish","hentry"],"_links":{"self":[{"href":"https:\/\/sublinemusic.de\/index.php\/wp-json\/wp\/v2\/pages\/2120","targetHints":{"allow":["GET"]}}],"collection":[{"href":"https:\/\/sublinemusic.de\/index.php\/wp-json\/wp\/v2\/pages"}],"about":[{"href":"https:\/\/sublinemusic.de\/index.php\/wp-json\/wp\/v2\/types\/page"}],"author":[{"embeddable":true,"href":"https:\/\/sublinemusic.de\/index.php\/wp-json\/wp\/v2\/users\/1"}],"replies":[{"embeddable":true,"href":"https:\/\/sublinemusic.de\/index.php\/wp-json\/wp\/v2\/comments?post=2120"}],"version-history":[{"count":1,"href":"https:\/\/sublinemusic.de\/index.php\/wp-json\/wp\/v2\/pages\/2120\/revisions"}],"predecessor-version":[{"id":2122,"href":"https:\/\/sublinemusic.de\/index.php\/wp-json\/wp\/v2\/pages\/2120\/revisions\/2122"}],"wp:attachment":[{"href":"https:\/\/sublinemusic.de\/index.php\/wp-json\/wp\/v2\/media?parent=2120"}],"curies":[{"name":"wp","href":"https:\/\/api.w.org\/{rel}","templated":true}]}}